{"id":384,"date":"2019-12-26T22:53:17","date_gmt":"2019-12-26T22:53:17","guid":{"rendered":"http:\/\/dpex-maroc.com\/?page_id=384"},"modified":"2025-07-29T15:49:35","modified_gmt":"2025-07-29T15:49:35","slug":"carte_voeux","status":"publish","type":"page","link":"https:\/\/dpex-maroc.com\/index.php\/carte_voeux\/","title":{"rendered":"Demander un devis Express"},"content":{"rendered":"<div style=\"background-repeat: no-repeat;\">    <style type=\"text\/css\">\n        @import url(https:\/\/dpex-maroc.com\/wp-content\/plugins\/jazzy-forms\/front\/themes\/1.css);\n    <\/style>\n    <script type=\"text\/javascript\">\n        if(typeof(jzzf_forms) == \"undefined\") {\n            jzzf_forms = [];\n        }\n        var graph = {\n            \"data\": {\"export_import\":[0,\"Export\",\"Import\"],\"type\":[0,\"Document\",\"Colis\",\"Palette\"],\"destination__provenance\":[\"Afghanistan\",\"Albania\",\"Algeria\",\"American Samoa\",\"Andorra\",\"Angola\",\"Anguilla\",\"Antigua And Barbuda\",\"Argentina\",\"Armenia\",\"Aruba\",\"Australia\",\"Azerbaijan\",\"Bahamas\",\"Bahrain\",\"Bangladesh\",\"Barbados\",\"Belarus\",\"Birmanie (Myanmar)\",\"Bolivie\",\"Bosnie Herzegovine\",\"Botswana\",\"Br\\u00e9sil\",\"Brunei\",\"Bulgarie\",\"Burkina Faso\",\"Burundi\",\"Cambodge\",\"Canada\",\"Cameroun\",\"Cap Vert (\\u00eeles du)\",\"Cayman (\\u00eeles)\",\"Centrafricaine (R\\u00e9p.)\",\"Chili\",\"Chine\",\"Chypre\",\"Colombie\",\"Congo\",\"Congo (R\\u00e9p. D\\u00e9m.)\",\"Cook (\\u00eeles)\",\"Cor\\u00e9e du Nord\",\"Cor\\u00e9e du Sud\",\"Costa Rica\",\"C\\u00f4te d'Ivoire\",\"Croatie\",\"Cuba\",\"Danemark\",\"Djibouti\",\"Dominicaine (R\\u00e9p.)\",\"Dominique (\\u00eele)\",\"Egypte\",\"Emirats Arabes Unis\",\"Equateur\",\"Erythr\\u00e9e\",\"Espagne\",\"Estonie\",\"Etats Unis (c\\u00f4te Est)\",\"Ethiopie\",\"F\\u00e9ro\\u00e9 (\\u00eeles)\",\"Fidji (\\u00eeles)\",\"Finlande\",\"France\",\"Gabon\",\"Gambie\",\"G\\u00e9orgie\",\"Ghana\",\"Gibraltar\",\"Gr\\u00e8ce\",\"Grenade (\\u00eele)\",\"Groenland\",\"Guadeloupe\",\"Guam (\\u00eele)\",\"Guatemala\",\"Guin\\u00e9e\",\"Guin\\u00e9e Bissau\",\"Guyane\",\"Guyane Fran\\u00e7aise\",\"Ha\\u00efti\",\"Honduras\",\"Hong Kong\",\"Hongrie\",\"Inde\",\"Indon\\u00e9sie\",\"Irak\",\"Iran\",\"Irlande\",\"Islande\",\"Isra\\u00ebl\",\"Italie\",\"Jama\\u00efque\",\"Japon\",\"Jordanie\",\"Kazakhstan\",\"Kenya\",\"Kirghizistan\",\"Kosovo\",\"Kowe\\u00eft\",\"Laos\",\"Lesotho\",\"Lettonie\",\"Liban\",\"Lib\\u00e9ria\",\"Libye\",\"Liechtenstein\",\"Lituanie\",\"Luxembourg\",\"Macao\",\"Mac\\u00e9doine\",\"Madagascar\",\"Malaisie\",\"Malawi\",\"Maldive\",\"Mali\",\"Malte\",\"Mariannes ils\",\"Marshall ils\",\"Martinique\",\"Maurice \\u00eele\",\"Mauritanie\",\"Mayote\",\"Mexique\",\"Micron\\u00e9sie\",\"Moldavie\",\"Monaco\",\"Mongolie\",\"Mont\\u00e9negro\",\"Montserrat\",\"Mozambique\",\"Namibie\",\"N\\u00e9pal\",\"Nicaragua\",\"Niger\",\"Nigeria\",\"Norfolk\",\"Norv\\u00e8ge\",\"Nouvelle cal\\u00e9donie\",\"Nouvelle Z\\u00e9lande\",\"Oman\",\"Ouganda\",\"Ouzbekistan\",\"Pakistan\",\"Palau\",\"Panama\",\"Papouasie Nlle Guin\\u00e9e\",\"Paraguay\",\"Pays Bas\",\"P\\u00e9rou\",\"Philippines\",\"Pologne\",\"Polyn\\u00e9sie Fran\\u00e7aise\",\"Porto Rico\",\"Portugal\",\"Qatar\",\"R\\u00e9union \\u00eele\",\"Roumanie\",\"Royaume Uni\",\"Russie\",\"Rwanda\",\"Saint Kitts\",\"Saint Pierre et Miquelon\",\"saint vincent\",\"Sainte Lucie\",\"Salomon \\u00eele\",\"Salvador\",\"Samoa\",\"San Marin\",\"Sao Tome et principe\",\"S\\u00e9n\\u00e9gal\",\"Serbie\",\"Seychelles \\u00eele\",\"Siera Leone\",\"Singapour\",\"Slovaquie\",\"Slov\\u00e9nie\",\"Somalie\",\"Soudan\",\"Sri Lanka\",\"Su\\u00e8de\",\"Suisse\",\"Surinam\",\"Swaziland\",\"Syrie\",\"Taiwan\",\"Tanzanie\",\"Tchad\",\"Tch\\u00e8que R\\u00e9p\",\"Thailand\",\"Timor Leste\",\"Togo\",\"Tonga\",\"Trinit\\u00e9 et Tabago\",\"Tunisie\",\"Turque et Caicos\",\"Turquie\",\"Tuvalu\",\"Ukraine\",\"Uruguay\",\"Vanuatu\",\"Vatican\",\"V\\u00e9n\\u00e9zuela\",\"Vi\\u00e8rges \\u00eele Am\\u00e9ricaines\",\"Vi\\u00e8rges \\u00eele Britanique\",\"Vietnam\",\"Wallis et Futuna\",\"Y\\u00e9men\",\"Zambie\",\"Zimbabwe\",0],\"poids\":\"    Kg\"},\n            \"types\": {\"export_import\":\"d\",\"type\":\"d\",\"destination__provenance\":\"d\",\"poids\":\"n\",\"longueur\":\"n\",\"largeur\":\"n\",\"hauteur\":\"n\",\"nombre_de_colis\":\"n\",\"description_marchandise\":\"n\",\"instructions_particulires\":\"a\",\"poids_total\":\"f\",\"volume_global_1\":\"f\",\"votre_nom\":\"n\",\"socit\":\"n\",\"votre_email\":\"n\",\"votre_n_de_tlphone\":\"n\",\"envoi\":\"e\",\"reset\":\"x\"},\n            \"dependencies\": {\"nombre_de_colis\":[\"poids_total\",\"volume_global_1\"],\"poids\":[\"poids_total\"],\"hauteur\":[\"volume_global_1\"],\"largeur\":[\"volume_global_1\"],\"longueur\":[\"volume_global_1\"]},\n            \"formulas\": {\"poids_total\":[\"o\",\"*\",[\"v\",\"poids\"],[\"v\",\"nombre_de_colis\"]],\"volume_global_1\":[\"o\",\"\\\/\",[\"o\",\"*\",[\"v\",\"longueur\"],[\"o\",\"*\",[\"v\",\"largeur\"],[\"o\",\"*\",[\"v\",\"hauteur\"],[\"v\",\"nombre_de_colis\"]]]],[\"n\",5000]]},\n            \"templates\": [],\n            \"form\": {\"id\":2,\"title\":\"Devis en ligne\",\"name\":\"devis_en_ligne\",\"theme\":1,\"realtime\":true,\"incomplete\":\"\",\"email\":{\"sending\":\"Envoi encours...\",\"ok\":\"Message envoy\\u00e9\",\"fail\":\"Le message ne peut \\u00eatre envoy\\u00e9\"}},\n            \"params\": {\"poids_total\":{\"prefix\":\"\",\"postfix\":\"  kg\",\"zeros\":0,\"decimals\":9,\"fixed\":false,\"thousands\":\"\",\"point\":\",\"},\"volume_global_1\":{\"prefix\":\"\",\"postfix\":\"   Poids Taxable\",\"zeros\":0,\"decimals\":9,\"fixed\":false,\"thousands\":\"\",\"point\":\",\"}},\n            \"email\": {\"export_import\":[\"v\",\"export_import\"],\"type\":[\"v\",\"type\"],\"destination__provenance\":[\"v\",\"destination__provenance\"],\"poids\":[\"v\",\"poids\"],\"longueur\":[\"v\",\"longueur\"],\"largeur\":[\"v\",\"largeur\"],\"hauteur\":[\"v\",\"hauteur\"],\"nombre_de_colis\":[\"v\",\"nombre_de_colis\"],\"poids_total\":[\"v\",\"poids_total\"],\"volume_global_1\":[\"v\",\"volume_global_1\"],\"description_marchandise\":[\"v\",\"description_marchandise\"],\"instructions_particulires\":[\"v\",\"instructions_particulires\"],\"votre_nom\":[\"v\",\"votre_nom\"],\"socit\":[\"v\",\"socit\"],\"votre_email\":[\"v\",\"votre_email\"]},\n            \"required\": {\"export_import\":\"Ce champ est obligatoire\",\"type\":\"Ce champ est obligatoire\",\"destination__provenance\":\"Merci d'indiquer le pays\",\"poids\":\"Ce champ est obligatoire\",\"nombre_de_colis\":\"Ce champ est obligatoire\",\"votre_nom\":\"Merci d'indiquer votre nom\",\"votre_email\":\"Merci d'indiquer votre e-mail\",\"votre_n_de_tlphone\":\"Merci d'indiquer votre n\\u00b0 de T\\u00e9l\\u00e9phone\"}        };\n        var jzzf_ajax_url = \"https:\/\/dpex-maroc.com\/wp-admin\/admin-ajax.php\";\n        jzzf_forms.push({\"id\": 2, \"data\": graph});        \n    <\/script>\n<form class=\"jzzf_form jzzf_form_2\">\n<div id=\"jzzf_form_error_2\" class=\"jzzf_form_error\" style=\"display: none\"><\/div>\n<ul class=\"jzzf_form_elements\">\n      <li class=\"jzzf_row\">\n      <div class=\"jzzf_element jzzf_element_d jzzf_ahead_d jzzf_no_break jzzf_half\" >\n    <label class=\"jzzf_element_label jzzf_dropdown_label\" for=\"jzzf_2_export_import\">Export \/ Import<span class=\"jzzf_asterisk\">*<\/span><\/label><select id=\"jzzf_2_export_import\">\n        <option selected=\"selected\">Export \/ Import<\/option>\n        <option>Export<\/option>\n        <option>Import<\/option>\n        <\/select>\n  <div class=\"jzzf_error\"><\/div>\n  <\/div>\n              <div class=\"jzzf_element jzzf_element_d jzzf_ahead_d jzzf_no_break jzzf_half\" >\n    <label class=\"jzzf_element_label jzzf_dropdown_label\" for=\"jzzf_2_type\">Type<span class=\"jzzf_asterisk\">*<\/span><\/label><select id=\"jzzf_2_type\">\n        <option selected=\"selected\">Type<\/option>\n        <option>Document<\/option>\n        <option>Colis<\/option>\n        <option>Palette<\/option>\n        <\/select>\n  <div class=\"jzzf_error\"><\/div>\n  <\/div>\n          <div class=\"jzzf_message\"><\/div>\n  <div class=\"clear\"><\/div>\n  <\/li>\n              <li class=\"jzzf_row\">\n      <div class=\"jzzf_element jzzf_element_d jzzf_ahead_n jzzf_break jzzf_full\" >\n    <label class=\"jzzf_element_label jzzf_dropdown_label\" for=\"jzzf_2_destination__provenance\">Destination \/ Provenance<span class=\"jzzf_asterisk\">*<\/span><\/label><select id=\"jzzf_2_destination__provenance\">\n        <option>Afghanistan<\/option>\n        <option>Albania<\/option>\n        <option>Algeria<\/option>\n        <option>American Samoa<\/option>\n        <option>Andorra<\/option>\n        <option>Angola<\/option>\n        <option>Anguilla<\/option>\n        <option>Antigua And Barbuda<\/option>\n        <option>Argentina<\/option>\n        <option>Armenia<\/option>\n        <option>Aruba<\/option>\n        <option>Australia<\/option>\n        <option>Azerbaijan<\/option>\n        <option>Bahamas<\/option>\n        <option>Bahrain<\/option>\n        <option>Bangladesh<\/option>\n        <option>Barbados<\/option>\n        <option>Belarus<\/option>\n        <option>Birmanie (Myanmar)<\/option>\n        <option>Bolivie<\/option>\n        <option>Bosnie Herzegovine<\/option>\n        <option>Botswana<\/option>\n        <option>Br\u00e9sil<\/option>\n        <option>Brunei<\/option>\n        <option>Bulgarie<\/option>\n        <option>Burkina Faso<\/option>\n        <option>Burundi<\/option>\n        <option>Cambodge<\/option>\n        <option>Canada<\/option>\n        <option>Cameroun<\/option>\n        <option>Cap Vert (\u00eeles du)<\/option>\n        <option>Cayman (\u00eeles)<\/option>\n        <option>Centrafricaine (R\u00e9p.)<\/option>\n        <option>Chili<\/option>\n        <option>Chine<\/option>\n        <option>Chypre<\/option>\n        <option>Colombie<\/option>\n        <option>Congo<\/option>\n        <option>Congo (R\u00e9p. D\u00e9m.)<\/option>\n        <option>Cook (\u00eeles)<\/option>\n        <option>Cor\u00e9e du Nord<\/option>\n        <option>Cor\u00e9e du Sud<\/option>\n        <option>Costa Rica<\/option>\n        <option>C\u00f4te d&#039;Ivoire<\/option>\n        <option>Croatie<\/option>\n        <option>Cuba<\/option>\n        <option>Danemark<\/option>\n        <option>Djibouti<\/option>\n        <option>Dominicaine (R\u00e9p.)<\/option>\n        <option>Dominique (\u00eele)<\/option>\n        <option>Egypte<\/option>\n        <option>Emirats Arabes Unis<\/option>\n        <option>Equateur<\/option>\n        <option>Erythr\u00e9e<\/option>\n        <option>Espagne<\/option>\n        <option>Estonie<\/option>\n        <option>Etats Unis (c\u00f4te Est)<\/option>\n        <option>Ethiopie<\/option>\n        <option>F\u00e9ro\u00e9 (\u00eeles)<\/option>\n        <option>Fidji (\u00eeles)<\/option>\n        <option>Finlande<\/option>\n        <option>France<\/option>\n        <option>Gabon<\/option>\n        <option>Gambie<\/option>\n        <option>G\u00e9orgie<\/option>\n        <option>Ghana<\/option>\n        <option>Gibraltar<\/option>\n        <option>Gr\u00e8ce<\/option>\n        <option>Grenade (\u00eele)<\/option>\n        <option>Groenland<\/option>\n        <option>Guadeloupe<\/option>\n        <option>Guam (\u00eele)<\/option>\n        <option>Guatemala<\/option>\n        <option>Guin\u00e9e<\/option>\n        <option>Guin\u00e9e Bissau<\/option>\n        <option>Guyane<\/option>\n        <option>Guyane Fran\u00e7aise<\/option>\n        <option>Ha\u00efti<\/option>\n        <option>Honduras<\/option>\n        <option>Hong Kong<\/option>\n        <option>Hongrie<\/option>\n        <option>Inde<\/option>\n        <option>Indon\u00e9sie<\/option>\n        <option>Irak<\/option>\n        <option>Iran<\/option>\n        <option>Irlande<\/option>\n        <option>Islande<\/option>\n        <option>Isra\u00ebl<\/option>\n        <option>Italie<\/option>\n        <option>Jama\u00efque<\/option>\n        <option>Japon<\/option>\n        <option>Jordanie<\/option>\n        <option>Kazakhstan<\/option>\n        <option>Kenya<\/option>\n        <option>Kirghizistan<\/option>\n        <option>Kosovo<\/option>\n        <option>Kowe\u00eft<\/option>\n        <option>Laos<\/option>\n        <option>Lesotho<\/option>\n        <option>Lettonie<\/option>\n        <option>Liban<\/option>\n        <option>Lib\u00e9ria<\/option>\n        <option>Libye<\/option>\n        <option>Liechtenstein<\/option>\n        <option>Lituanie<\/option>\n        <option>Luxembourg<\/option>\n        <option>Macao<\/option>\n        <option>Mac\u00e9doine<\/option>\n        <option>Madagascar<\/option>\n        <option>Malaisie<\/option>\n        <option>Malawi<\/option>\n        <option>Maldive<\/option>\n        <option>Mali<\/option>\n        <option>Malte<\/option>\n        <option>Mariannes ils<\/option>\n        <option>Marshall ils<\/option>\n        <option>Martinique<\/option>\n        <option>Maurice \u00eele<\/option>\n        <option>Mauritanie<\/option>\n        <option>Mayote<\/option>\n        <option>Mexique<\/option>\n        <option>Micron\u00e9sie<\/option>\n        <option>Moldavie<\/option>\n        <option>Monaco<\/option>\n        <option>Mongolie<\/option>\n        <option>Mont\u00e9negro<\/option>\n        <option>Montserrat<\/option>\n        <option>Mozambique<\/option>\n        <option>Namibie<\/option>\n        <option>N\u00e9pal<\/option>\n        <option>Nicaragua<\/option>\n        <option>Niger<\/option>\n        <option>Nigeria<\/option>\n        <option>Norfolk<\/option>\n        <option>Norv\u00e8ge<\/option>\n        <option>Nouvelle cal\u00e9donie<\/option>\n        <option>Nouvelle Z\u00e9lande<\/option>\n        <option>Oman<\/option>\n        <option>Ouganda<\/option>\n        <option>Ouzbekistan<\/option>\n        <option>Pakistan<\/option>\n        <option>Palau<\/option>\n        <option>Panama<\/option>\n        <option>Papouasie Nlle Guin\u00e9e<\/option>\n        <option>Paraguay<\/option>\n        <option>Pays Bas<\/option>\n        <option>P\u00e9rou<\/option>\n        <option>Philippines<\/option>\n        <option>Pologne<\/option>\n        <option>Polyn\u00e9sie Fran\u00e7aise<\/option>\n        <option>Porto Rico<\/option>\n        <option>Portugal<\/option>\n        <option>Qatar<\/option>\n        <option>R\u00e9union \u00eele<\/option>\n        <option>Roumanie<\/option>\n        <option>Royaume Uni<\/option>\n        <option>Russie<\/option>\n        <option>Rwanda<\/option>\n        <option>Saint Kitts<\/option>\n        <option>Saint Pierre et Miquelon<\/option>\n        <option>saint vincent<\/option>\n        <option>Sainte Lucie<\/option>\n        <option>Salomon \u00eele<\/option>\n        <option>Salvador<\/option>\n        <option>Samoa<\/option>\n        <option>San Marin<\/option>\n        <option>Sao Tome et principe<\/option>\n        <option>S\u00e9n\u00e9gal<\/option>\n        <option>Serbie<\/option>\n        <option>Seychelles \u00eele<\/option>\n        <option>Siera Leone<\/option>\n        <option>Singapour<\/option>\n        <option>Slovaquie<\/option>\n        <option>Slov\u00e9nie<\/option>\n        <option>Somalie<\/option>\n        <option>Soudan<\/option>\n        <option>Sri Lanka<\/option>\n        <option>Su\u00e8de<\/option>\n        <option>Suisse<\/option>\n        <option>Surinam<\/option>\n        <option>Swaziland<\/option>\n        <option>Syrie<\/option>\n        <option>Taiwan<\/option>\n        <option>Tanzanie<\/option>\n        <option>Tchad<\/option>\n        <option>Tch\u00e8que R\u00e9p<\/option>\n        <option>Thailand<\/option>\n        <option>Timor Leste<\/option>\n        <option>Togo<\/option>\n        <option>Tonga<\/option>\n        <option>Trinit\u00e9 et Tabago<\/option>\n        <option>Tunisie<\/option>\n        <option>Turque et Caicos<\/option>\n        <option>Turquie<\/option>\n        <option>Tuvalu<\/option>\n        <option>Ukraine<\/option>\n        <option>Uruguay<\/option>\n        <option>Vanuatu<\/option>\n        <option>Vatican<\/option>\n        <option>V\u00e9n\u00e9zuela<\/option>\n        <option>Vi\u00e8rges \u00eele Am\u00e9ricaines<\/option>\n        <option>Vi\u00e8rges \u00eele Britanique<\/option>\n        <option>Vietnam<\/option>\n        <option>Wallis et Futuna<\/option>\n        <option>Y\u00e9men<\/option>\n        <option>Zambie<\/option>\n        <option>Zimbabwe<\/option>\n        <option selected=\"selected\">Destination \/ Provenance<\/option>\n        <\/select>\n  <div class=\"jzzf_error\"><\/div>\n  <\/div>\n          <div class=\"jzzf_message\"><\/div>\n  <div class=\"clear\"><\/div>\n  <\/li>\n              <li class=\"jzzf_row\">\n      <div class=\"jzzf_element jzzf_element_n jzzf_ahead_n jzzf_break jzzf_quarter\" >\n    <label class=\"jzzf_number_label jzzf_element_label\" for=\"jzzf_2_poids\">Poids\/kg<span class=\"jzzf_asterisk\">*<\/span><\/label><input type=\"text\" id=\"jzzf_2_poids\" value=\"\">\n  <div class=\"jzzf_error\"><\/div>\n  <\/div>\n              <div class=\"jzzf_element jzzf_element_n jzzf_ahead_n jzzf_no_break jzzf_quarter\" >\n    <label class=\"jzzf_number_label jzzf_element_label\" for=\"jzzf_2_longueur\">Longueur\/cm<\/label><input type=\"text\" id=\"jzzf_2_longueur\" value=\"\">\n  <div class=\"jzzf_error\"><\/div>\n  <\/div>\n              <div class=\"jzzf_element jzzf_element_n jzzf_ahead_n jzzf_no_break jzzf_quarter\" >\n    <label class=\"jzzf_number_label jzzf_element_label\" for=\"jzzf_2_largeur\">Largeur\/cm<\/label><input type=\"text\" id=\"jzzf_2_largeur\" value=\"\">\n  <div class=\"jzzf_error\"><\/div>\n  <\/div>\n              <div class=\"jzzf_element jzzf_element_n jzzf_ahead_n jzzf_no_break jzzf_quarter\" >\n    <label class=\"jzzf_number_label jzzf_element_label\" for=\"jzzf_2_hauteur\">Hauteur\/cm<\/label><input type=\"text\" id=\"jzzf_2_hauteur\" value=\"\">\n  <div class=\"jzzf_error\"><\/div>\n  <\/div>\n          <div class=\"jzzf_message\"><\/div>\n  <div class=\"clear\"><\/div>\n  <\/li>\n              <li class=\"jzzf_row\">\n      <div class=\"jzzf_element jzzf_element_n jzzf_ahead_n jzzf_break jzzf_quarter\" >\n    <label class=\"jzzf_number_label jzzf_element_label\" for=\"jzzf_2_nombre_de_colis\">Nbre colis<span class=\"jzzf_asterisk\">*<\/span><\/label><input type=\"text\" id=\"jzzf_2_nombre_de_colis\" value=\"\">\n  <div class=\"jzzf_error\"><\/div>\n  <\/div>\n              <div class=\"jzzf_element jzzf_element_n jzzf_ahead_a jzzf_no_break jzzf_half\" >\n    <label class=\"jzzf_number_label jzzf_element_label\" for=\"jzzf_2_description_marchandise\">Description Marchandise<\/label><input type=\"text\" id=\"jzzf_2_description_marchandise\" value=\"\">\n  <div class=\"jzzf_error\"><\/div>\n  <\/div>\n          <div class=\"jzzf_message\"><\/div>\n  <div class=\"clear\"><\/div>\n  <\/li>\n              <li class=\"jzzf_row\">\n      <div class=\"jzzf_element jzzf_element_a jzzf_ahead_f jzzf_break jzzf_full\" >\n    <label class=\"jzzf_textarea_label jzzf_element_label\" for=\"jzzf_2_instructions_particulires\">Instructions particuli\u00e8res<\/label><textarea id=\"jzzf_2_instructions_particulires\"><\/textarea>\n  <div class=\"jzzf_error\"><\/div>\n  <\/div>\n          <div class=\"jzzf_message\"><\/div>\n  <div class=\"clear\"><\/div>\n  <\/li>\n              <li class=\"jzzf_row\">\n      <div class=\"jzzf_element jzzf_element_f jzzf_ahead_f jzzf_break jzzf_half\" >\n        <label class=\"jzzf_element_label jzzf_output_label\" for=\"jzzf_2_poids_total\">Poids Total<\/label><input type=\"text\" readonly=\"readonly\" id=\"jzzf_2_poids_total\" value=\"...\">\n  <div class=\"jzzf_error\"><\/div>\n  <\/div>\n              <div class=\"jzzf_element jzzf_element_f jzzf_ahead_n jzzf_no_break jzzf_half\" >\n        <label class=\"jzzf_element_label jzzf_output_label\" for=\"jzzf_2_volume_global_1\">Volume global<\/label><input type=\"text\" readonly=\"readonly\" id=\"jzzf_2_volume_global_1\" value=\"...\">\n  <div class=\"jzzf_error\"><\/div>\n  <\/div>\n          <div class=\"jzzf_message\"><\/div>\n  <div class=\"clear\"><\/div>\n  <\/li>\n              <li class=\"jzzf_row\">\n      <div class=\"jzzf_element jzzf_element_n jzzf_ahead_n jzzf_break jzzf_half\" >\n    <label class=\"jzzf_number_label jzzf_element_label\" for=\"jzzf_2_votre_nom\">Votre Nom<span class=\"jzzf_asterisk\">*<\/span><\/label><input type=\"text\" id=\"jzzf_2_votre_nom\" value=\"\">\n  <div class=\"jzzf_error\"><\/div>\n  <\/div>\n              <div class=\"jzzf_element jzzf_element_n jzzf_ahead_n jzzf_no_break jzzf_half\" >\n    <label class=\"jzzf_number_label jzzf_element_label\" for=\"jzzf_2_socit\">Soci\u00e9t\u00e9<\/label><input type=\"text\" id=\"jzzf_2_socit\" value=\"\">\n  <div class=\"jzzf_error\"><\/div>\n  <\/div>\n          <div class=\"jzzf_message\"><\/div>\n  <div class=\"clear\"><\/div>\n  <\/li>\n              <li class=\"jzzf_row\">\n      <div class=\"jzzf_element jzzf_element_n jzzf_ahead_n jzzf_break jzzf_half\" >\n    <label class=\"jzzf_number_label jzzf_element_label\" for=\"jzzf_2_votre_email\">Votre e-mail<span class=\"jzzf_asterisk\">*<\/span><\/label><input type=\"text\" id=\"jzzf_2_votre_email\" value=\"\">\n  <div class=\"jzzf_error\"><\/div>\n  <\/div>\n              <div class=\"jzzf_element jzzf_element_n jzzf_ahead_e jzzf_no_break jzzf_half\" >\n    <label class=\"jzzf_number_label jzzf_element_label\" for=\"jzzf_2_votre_n_de_tlphone\">Votre N\u00b0 de T\u00e9l\u00e9phone<span class=\"jzzf_asterisk\">*<\/span><\/label><input type=\"text\" id=\"jzzf_2_votre_n_de_tlphone\" value=\"\">\n  <div class=\"jzzf_error\"><\/div>\n  <\/div>\n          <div class=\"jzzf_message\"><\/div>\n  <div class=\"clear\"><\/div>\n  <\/li>\n              <li class=\"jzzf_row\">\n      <div class=\"jzzf_element jzzf_element_e jzzf_ahead_x jzzf_break jzzf_quarter\" >\n        <input type=\"button\" class=\"jzzf_email_button\" id=\"jzzf_2_envoi\" value=\"Envoyer\">\n  <div class=\"jzzf_error\"><\/div>\n  <\/div>\n          <div class=\"jzzf_message\"><\/div>\n  <div class=\"clear\"><\/div>\n  <\/li>\n              <li class=\"jzzf_row\">\n      <div class=\"jzzf_element jzzf_element_x jzzf_ahead_ jzzf_break jzzf_quarter\" >\n        <input type=\"reset\" id=\"jzzf_2_reset\" value=\"Annuler\">\n  <div class=\"jzzf_error\"><\/div>\n  <\/div>\n          <div class=\"jzzf_message\"><\/div>\n  <div class=\"clear\"><\/div>\n  <\/li>\n        <\/ul>\n<\/form>\n\n<\/div>","protected":false},"excerpt":{"rendered":"","protected":false},"author":1,"featured_media":471,"parent":0,"menu_order":0,"comment_status":"closed","ping_status":"closed","template":"","meta":{"footnotes":""},"class_list":["post-384","page","type-page","status-publish","has-post-thumbnail","hentry"],"_links":{"self":[{"href":"https:\/\/dpex-maroc.com\/index.php\/wp-json\/wp\/v2\/pages\/384","targetHints":{"allow":["GET"]}}],"collection":[{"href":"https:\/\/dpex-maroc.com\/index.php\/wp-json\/wp\/v2\/pages"}],"about":[{"href":"https:\/\/dpex-maroc.com\/index.php\/wp-json\/wp\/v2\/types\/page"}],"author":[{"embeddable":true,"href":"https:\/\/dpex-maroc.com\/index.php\/wp-json\/wp\/v2\/users\/1"}],"replies":[{"embeddable":true,"href":"https:\/\/dpex-maroc.com\/index.php\/wp-json\/wp\/v2\/comments?post=384"}],"version-history":[{"count":7,"href":"https:\/\/dpex-maroc.com\/index.php\/wp-json\/wp\/v2\/pages\/384\/revisions"}],"predecessor-version":[{"id":639,"href":"https:\/\/dpex-maroc.com\/index.php\/wp-json\/wp\/v2\/pages\/384\/revisions\/639"}],"wp:featuredmedia":[{"embeddable":true,"href":"https:\/\/dpex-maroc.com\/index.php\/wp-json\/wp\/v2\/media\/471"}],"wp:attachment":[{"href":"https:\/\/dpex-maroc.com\/index.php\/wp-json\/wp\/v2\/media?parent=384"}],"curies":[{"name":"wp","href":"https:\/\/api.w.org\/{rel}","templated":true}]}}